irst derivative of z**4/4 + 3*z**3 - 5*z**2 + 9*z + 5. Let v be (27 + -2)*2/(-5). What is the units digit of h(v)?
9
Let k(r) = 16*r**2 - 5*r**3 - 22 - 11*r - 6*r**3 + 10*r**3. What is the tens digit of k(15)?
3
Let k be (-182)/49 + (-2)/7. What is the units digit of (3/k)/((-1)/12)?
9
Let p(j) be the third derivative of -j**4/8 - 5*j**3/6 - 2*j**2. Let u be p(-6). Suppose 2*b - u = -1. What is the units digit of b?
6
Let z(i) = 2*i**2 - 15*i + 51. What is the units digit of z(16)?
3
Let j(o) = -o**3 + 6*o**2 - o + 1. Let m(h) = h**3 + 12*h**2 + 11*h + 3. Let l be m(-11). What is the units digit of j(l)?
5
What is the units digit of (-68)/(-5) - (-2)/5?
4
Suppose -8 = 3*v - 353. Let r = v - 77. What is the units digit of r?
8
Suppose 11 = -5*w + 36. Suppose 0 = -w*q - d + 11, -4*q + d - 4 = -11. Suppose -4*r + 40 = -i + 4*i, q = -2*r + 4*i. What is the units digit of r?
7
Suppose -3*m = 4*x + 5, m - 2*m - 3 = 0. Let k = -2 - -1. Let y = x - k. What is the units digit of y?
2
Let h(q) = 4*q**3 + 6*q**2 - 2*q - 9. Let a(d) = -3*d**3 - 6*d**2 + 3*d + 9. Let z(w) = -3*a(w) - 2*h(w). What is the tens digit of z(-6)?
2
Let s = 0 - -1. Let t = s - -7. What is the units digit of t?
8
Let d = 12 + -7. Let b(r) = -r**3 + 4*r**2 + 5*r + 5. Let j be b(d). Suppose 5 = 3*w - j*l, -3*w + 5*l = 2*w - 25. What is the tens digit of w?
1
Let d(w) = 36*w**2 - 1. Suppose i + 6 = -5*i. What is the tens digit of d(i)?
3
Suppose 2*g = -2*j + j + 100, -5*g = 2*j - 202. What is the units digit of j?
6
Let s(f) = f**3 + 15 + 3*f - 2*f + 0*f. Let q = -17 + 17. What is the units digit of s(q)?
5
Suppose -3*p - z = -2*z - 18, 3*z = 0. Suppose 2*x = -6, -5*j = -0*x + 2*x + 6. Suppose j*n - n = -p. What is the units digit of n?
6
Let a = 129 - 47. What is the units digit of a?
2
Suppose -2927 = -8*c - 415. What is the units digit of c?
4
What is the tens digit of ((-96)/(-18))/((-6)/(-261))?
3
Let p(x) = 3*x**2 - x + 9. What is the units digit of p(0)?
9
What is the hundreds digit of (-208)/(-2 + 0) - 2?
1
Let c be -4*-1*3/(-2). Let p(q) = q**3 + 8*q**2 + 10*q + 8. Let v be p(c). Suppose 0*b = -2*b + v. What is the units digit of b?
0
What is the units digit of (-12)/27 + (-836)/(-18)?
6
Let v(b) = -23*b + 2. What is the tens digit of v(-1)?
2
Let a(u) = u**3 - 12*u**2 + 12*u - 9. What is the units digit of a(11)?
2
Suppose 2*s - 4*u - 10 = -0*s, 14 = 4*s - 2*u. Suppose 0*o = -s*o. What is the units digit of (-3)/3 - (-4 + o)?
3
Let t(x) = 5*x - 5. Let d be t(2). Suppose -14 - 11 = -d*c. What is the units digit of c?
5
Suppose 0 = 4*d - 5*d + 12. Suppose -132 = 9*j - d*j. What is the units digit of j?
4
Let j(w) = w + 21. What is the units digit of j(-7)?
4
Let a be (1 - 1) + (-12 - -1). Let p = 8 + a. What is the units digit of (p/6 - 0)*-10?
5
Let a = -15 + 7. Let d be 4/(-22) - a/44. Suppose 0 = -d*j + j + 5*f, -14 = -2*j + 4*f. What is the units digit of j?
5
Let m(w) = w**2 - 2*w - 3. Let d be m(3). What is the units digit of (d - -1)/(-1) - -8?
7
Suppose -2*s - 39 = -2*y + 77, -5*y = -4*s - 292. What is the units digit of y?
0
What is the units digit of -3 + -1 + 5 + 120?
1
Let y(z) = z**2 + 8*z + 2. Let f be y(-9). Let k = -5 + f. What is the units digit of k?
6
Let g(i) = -i + 1 + 4*i**2 - 3 + 3*i + i**3 - 2*i**3. What is the units digit of g(3)?
3
Let c(z) be the first derivative of z**3/3 + 5*z**2/2 + 2*z + 3. What is the tens digit of c(-7)?
1
Let y = -68 + 104. Suppose 0 = 3*c - 6*c + y. What is the tens digit of c?
1
Suppose j - 5*j + 16 = 0. Let c be (6 - 0) + -3 + j. Suppose -5*m + c = 2. What is the units digit of m?
1
Suppose -22*r + 3790 + 1072 = 0. What is the units digit of r?
1
Let k = -1 + -2. What is the units digit of 2*k/(-2)*3?
9
Suppose 19 = 2*h - 3*p, -3*h - 4*p + 7*p = -24. Suppose h*q = -2*z + 58, -2*z + 4*z = -4*q + 46. What is the tens digit of q?
1
Let k = 19 + 1. Suppose -x + 6 = p, 3*x - x = 5*p - 58. Let y = k - p. What is the tens digit of y?
1
Suppose 4*t = -4*b + 680, 6*b = 3*t + 3*b - 522. What is the tens digit of t?
7
Let b(f) = -f**2 + 1 - f - 2 + 0. Let j be b(-1). What is the units digit of 7/(-1 - (j + -1))?
7
Suppose -u + 16 = 3*u. Suppose u*j - 197 = 63. Suppose -j + 23 = -3*p. What is the tens digit of p?
1
Let x = 331 + -172. What is the units digit of x?
9
Suppose -4*k - 5*g + 81 = 0, 5*g + 54 = 3*k - 33. What is the tens digit of k?
2
Let l(j) = 5*j. Let t be (2 + 0)*(-7 + 9). What is the units digit of l(t)?
0
Let a be (4/(-6))/(4/(-30)). Suppose -a*y + 97 = 32. What is the units digit of y?
3
Let y(a) = 2*a**2 + a + 23. Let n be y(0). Suppose -3 + n = u. What is the tens digit of u?
2
Let v(b) = -b**3 + 6*b**2 + 8. What is the tens digit of v(5)?
3
Suppose 2*i = 4*z - 224, -3*z - 3*i = i - 157. What is the tens digit of z?
5
Let w = 3 - 0. Let p(n) = 2*n**2 - 4*n. What is the units digit of p(w)?
6
Let q be (-20)/(-3) - 2/3. Suppose q = -p - 2*o, -5*p + 0*o = 2*o + 6. Suppose 2*g - 2*d + 0*d - 12 = p, -5*g + 57 = 4*d. What is the units digit of g?
9
Let a be (-1 - -8)/((-2)/(-2)). Let l be (250/(-15))/((-1)/3). Suppose -a*k = -2*k - l. What is the tens digit of k?
1
Let q(b) = -b**3 + 6*b**2 - 5*b + 4. Let l be q(5). What is the units digit of (9/(-12) + 1)*l?
1
Let f be (-20)/(-12)*3/1. Suppose -50 - 75 = -f*m. What is the tens digit of m?
2
Let c(h) = 8*h**3 + h**2 - 2*h + 1. Let d be c(1). Suppose 2 + d = 2*z. Let t = z - 3. What is the units digit of t?
2
Suppose 0*d - d = -3*g + 21, 0 = g - 5*d - 21. Suppose g*i - 2*i - 20 = 0. Suppose -i*u = -4*u - 5. What is the units digit of u?
5
Suppose -5*v + 1 = 6*i - 3*i, -4*i - 5*v + 3 = 0. Suppose 0 = -i*f + t + 3, -7*f + 3*f + t = -7. Suppose f = -s + 6. What is the units digit of s?
4
Suppose k - 107 = 98. What is the units digit of k?
5
Let q = -21 - -13. Let m = 11 + q. What is the units digit of m?
3
Let d(i) = -i**3 - 7*i**2 - 4*i + 2. What is the units digit of d(-7)?
0
What is the units digit of ((-6)/9)/(2/(-30))?
0
Suppose -a = a. Let k be (1/1)/(1/8). Suppose a = -k*w + 4*w + 3*n - 4, -4*w = 5*n - 28. What is the units digit of w?
2
Suppose 5*o - 27 - 263 = 0. What is the tens digit of o?
5
Let a(k) = k**3 - 8*k**2 + 5*k + 7. Let f be a(7). Let v = f + 26. Let j = 28 - v. What is the units digit of j?
9
Let p = 100 - 141. Let v = 69 + p. What is the tens digit of v?
2
What is the units digit of 2/(-11) - (-101)/11?
9
Let c(a) = -15*a - 2. What is the units digit of c(-7)?
3
Suppose -2*v = -2*j - 3*v + 4, 5*j + 4*v = 16. Suppose -k = -j*k - 7. Suppose k*s = 2*s + 55. What is the tens digit of s?
1
Suppose -3*y = 15, -2*t = -3*t - 3*y - 2. Suppose -2*s - 5*q + 12 = 0, -5*q = -3 + t. What is the tens digit of s?
1
Let z be 21/9 - (-4)/6. Suppose y + 2*b - 23 = 0, -z*y - 2*b - 2*b = -61. What is the tens digit of y?
1
Let u = 15 + -12. Suppose 5 = y, u*y = 4*z - 0*y - 29. What is the units digit of z?
1
Suppose 3 = -j + 8. Suppose 0 = -5*f + o + 1, -2*f + j = -6*f - 5*o. Suppose f = -5*c + 71 + 14. What is the tens digit of c?
1
Suppose 4*w - 215 - 77 = 0. What is the units digit of w?
3
Suppose -3*b + 34 + 83 = 0. What is the units digit of b?
9
Let q(w) = -1. Let m(y) = 2*y**3 - 2*y**2 - 2*y - 3. Let u(l) = m(l) - 6*q(l). Suppose 5*d = -4*x + 18, -3*x = d - 4*d. What is the units digit of u(d)?
7
Let t = -101 - -104. What is the units digit of t?
3
Let x be (-2)/4*(-264)/6. Suppose -10 - x = 4*o. What is the units digit of ((-10)/o)/((-2)/(-16))?
0
Suppose 3*u + u = -68. Let z(m) = m**2 - 5*m - 14. Let r be z(7). Let g = r - u. What is the tens digit of g?
1
Let d(i) = -10*i - 1. Let v(u) = u**2 + 2*u + 1. Let l be v(-2). Let n be d(l). What is the tens digit of (-3)/(2 + 1) - n?
1
Let c(d) = -d**2 + 4*d - 1. Let q be c(3). Suppose -k + 4*b = -12, 0 = q*k - 5*b + b - 32. What is the units digit of k?
0
Suppose 0 = j - q - 6 + 24, 4*q = 0. Suppose -10 = l + 1. Let p = l - j. What is the units digit of p?
7
Let l = 4 - 2. Suppose l*w + 0 + 2 = 0. Let j(o) = -5*o - 1. What is the units digit of j(w)?
4
Let s = -49 - -106. What is the tens digit of s?
5
Let c(o) = o**2 + 7*o - 5. Let z(a) = 2*a - 2. Let p be z(-3). Let s be c(p). Suppose s*d = -5*y + 49, 5*y + 3*d - 7*d - 28 = 0. What is the units digit of y?
8
Let z be 17/(-34) - (-14)/4. Suppose 0 = 2*d + z*d + 